{"id":1211,"date":"2026-04-12T05:32:14","date_gmt":"2026-04-12T05:32:14","guid":{"rendered":"https:\/\/drk-jestetten.de\/?page_id=1211"},"modified":"2026-04-12T07:50:05","modified_gmt":"2026-04-12T07:50:05","slug":"wer-wir-sind","status":"publish","type":"page","link":"https:\/\/drk-jestetten.de\/?page_id=1211","title":{"rendered":"Das Deutsche Rote Kreuz"},"content":{"rendered":"\n<figure class=\"wp-block-image size-full is-style-default\"><img loading=\"lazy\" decoding=\"async\" width=\"2200\" height=\"734\" src=\"https:\/\/drk-jestetten.de\/wp-content\/uploads\/2026\/04\/csm_Buehnenbild_Verbandsstruktur_xil_150DRK_065-1_b9dda495e9.jpg\" alt=\"\" class=\"wp-image-1216\" srcset=\"https:\/\/drk-jestetten.de\/wp-content\/uploads\/2026\/04\/csm_Buehnenbild_Verbandsstruktur_xil_150DRK_065-1_b9dda495e9.jpg 2200w, https:\/\/drk-jestetten.de\/wp-content\/uploads\/2026\/04\/csm_Buehnenbild_Verbandsstruktur_xil_150DRK_065-1_b9dda495e9-300x100.jpg 300w, https:\/\/drk-jestetten.de\/wp-content\/uploads\/2026\/04\/csm_Buehnenbild_Verbandsstruktur_xil_150DRK_065-1_b9dda495e9-1024x342.jpg 1024w, https:\/\/drk-jestetten.de\/wp-content\/uploads\/2026\/04\/csm_Buehnenbild_Verbandsstruktur_xil_150DRK_065-1_b9dda495e9-768x256.jpg 768w, https:\/\/drk-jestetten.de\/wp-content\/uploads\/2026\/04\/csm_Buehnenbild_Verbandsstruktur_xil_150DRK_065-1_b9dda495e9-1536x512.jpg 1536w, https:\/\/drk-jestetten.de\/wp-content\/uploads\/2026\/04\/csm_Buehnenbild_Verbandsstruktur_xil_150DRK_065-1_b9dda495e9-2048x683.jpg 2048w, https:\/\/drk-jestetten.de\/wp-content\/uploads\/2026\/04\/csm_Buehnenbild_Verbandsstruktur_xil_150DRK_065-1_b9dda495e9-1600x534.jpg 1600w\" sizes=\"auto, (max-width: 2200px) 100vw, 2200px\" \/><\/figure>\n\n\n\n<p class=\"has-text-align-center wp-block-paragraph\"><strong>Das Deutsche Rote Kreuz e. V. ist die Nationale Gesellschaft des Roten Kreuzes auf dem Gebiet der Bundesrepublik Deutschland und Bestandteil der Internationalen Rotkreuz- und Rothalbmondbewegung. Das DRK bekennt sich zu den Rotkreuzgrunds\u00e4tzen Menschlichkeit, Unparteilichkeit, Neutralit\u00e4t, Unabh\u00e4ngigkeit, Freiwilligkeit, Einheit und\u00a0Universalit\u00e4t.\u00a0<\/strong><\/p>\n\n\n\n<p class=\"has-text-align-center wp-block-paragraph\">Es nimmt insbesondere die Aufgaben wahr, die sich aus den Genfer Abkommen von 1949 und ihren Zusatzprotokollen ergeben, sowie diejenigen, die ihm durch Bundes- oder Landesgesetz zugewiesen sind. Dazu geh\u00f6ren die\u00a0<strong>humanit\u00e4re Hilfe<\/strong>\u00a0in bewaffneten Konflikten und nach Naturkatastrophen sowie die\u00a0<strong>Verbreitung des humanit\u00e4ren V\u00f6lkerrechts<\/strong>. In Deutschland koordiniert das DRK in Zusammenarbeit mit den Beh\u00f6rden den\u00a0<strong>Katastrophenschutz\u00a0<\/strong>sowie den zivilen\u00a0<strong>Rettungsdienst<\/strong>. Zu seinen Aufgaben im Inland geh\u00f6rt insbesondere auch die\u00a0<strong>Wohlfahrts- und Sozialarbeit<\/strong>.\u00a0<\/p>\n\n\n\n<h2 class=\"wp-block-heading has-text-align-center\">Die Verbandsorganisation im \u00dcberblick<\/h2>\n\n\n\n<p class=\"has-text-align-center is-style-default wp-block-paragraph\">Das DRK besteht aus dem Bundesverband,\u00a0<strong>19 Landesverb\u00e4nden,<\/strong>\u00a0den Kreisverb\u00e4nden und Ortsvereinen sowie dem Verband der Schwesternschaften vom Deutschen Roten Kreuz e. V. mit seinen\u00a0<strong>33 DRK-Schwesternschaften.<\/strong>\u00a0Der Bundesverband mit Sitz in Berlin hat die Aufgabe, die Zusammenarbeit seiner Mitgliedsverb\u00e4nde durch zentrale Ma\u00dfnahmen und einheitliche Regelungen zu f\u00f6rdern. Er sorgt f\u00fcr die Einhaltung der Rotkreuzgrunds\u00e4tze und setzt verbandspolitische Ziele.<\/p>\n\n\n\n<p class=\"wp-block-paragraph\"><\/p>\n","protected":false},"excerpt":{"rendered":"<p>Das Deutsche Rote Kreuz e. V. ist die Nationale Gesellschaft des Roten Kreuzes auf dem Gebiet der Bundesrepublik Deutschland und Bestandteil der Internationalen Rotkreuz- und Rothalbmondbewegung. Das DRK bekennt sich zu den Rotkreuzgrunds\u00e4tzen Menschlichkeit, Unparteilichkeit, Neutralit\u00e4t, Unabh\u00e4ngigkeit, Freiwilligkeit, Einheit und\u00a0Universalit\u00e4t.\u00a0 Es nimmt insbesondere die Aufgaben wahr, die sich aus den Genfer Abkommen von 1949 und [&hellip;]<\/p>\n","protected":false},"author":1,"featured_media":1216,"parent":0,"menu_order":0,"comment_status":"closed","ping_status":"closed","template":"","meta":{"_crdt_document":"{\"document\":\"AACJArvTp9Ed17S7mBcdu9On0R2XtLuYF\/vTp9EdBde0u5gXAvvTp9EdAte0u5gXAvvTp9EdAJe0u5gXu9On0R3XtLuYFwX706fRHQCXtLuYF7vTp9Ed17S7mBcE+9On0R0Al7S7mBe706fRHde0u5gXBPvTp9EdAJe0u5gXu9On0R3XtLuYFwK706fRHde0u5gXA7vTp9Edl7S7mBe706fRHZe0u5gXu9On0R2XtLuYF7vTp9Edl7S7mBe706fRHZe0u5gXu9On0R3XtLuYFwr706fRHSqXtLuYF7vTp9Ed17S7mBcA+9On0R0G17S7mBdiopjZ4we706fRHZe0u5gX+9On0R0AopjZ4we2ApABqEIojAuOAYgClASBAQCAA6gBsAyUAboDogHibwL8Aao16jQBAQgASKw0BAIA8DQEAgCSJAQCANAkAqI0yDSKNEQA8hEEAgDmIgKAJNAUjhScENAnBAIAlAICgBPaEZgRtBHEM0oCALQPAvADgBj6Aq4RJOoDrAMC8AIOAwEGmAIFAOwzAQK0L6QDAgg05AO0AwLoAwMBjgcS2gfcMwK0NAIwAowBAr4EAug5gDrAOgCEOgLwBRqKBQLmPJIBUBgDAAYC6AFCngEECFCMAQEBCABIAkKEDAEBCABIAJQVAQEIAEgAmgEBAQgASAjyIoQMphaSEAEBCABI5BGaAdgkhDUDAQUAnA0MHAyACwyCAQy8AQyIBAw0DDQMtAIMnAEMpAwMiAEMrgMMlgEMxnEyhj0C2j5BukMojAuOAYgClASBAQCAA6gBsAyUAboDogHQOwADAAEEAgUA+AMBAj4BAA4DAQEABowCAowBAlLkA9wzlgEFAAjPAigAoQDEDaEBqAAAAIcAIQAoACEAJwAhAScAoQEhAagBJwAoAKEBIQGoAacABACoACgBoQEhAagBpwAEACgAqAChASEBqAGnAAQAKACoAigAJwCoAacABACoAcQMKAEhASgAxAHBAMQDwQDEA8EAxAGhAagBxAOhASEAqAAhAagBxAGhASECJwABACcBKAAhACgBIQAnACgAJwBBAIQAgQCEAIEAhACBAKgBKAAhAUQAxAIHACEAKAAhACcAIQEnAKEAAACHACEAKAAhACcAIQAAACEAJwCHACEAKAAhACcAIQAAACEAJwCHACEAKAAhACcAIQAAACEAJwAhAocAIQAoACEAJwAhAScAIQEEAIQFgQCEAIEAhACBAIQAgQCEAIEAhACBAIQAgQCEAIEAhACBAIQAgQCEAIEAhACBAIQAgQCEAIEAhAAhAKgAoQCo1SehJnN0YXRldmVyc2lvbsKgwqDCoMKgwqDCoMKgwqDCoMKgwqDCoMKgwqBjbGllbnRJZGlzVmFsaWRuYW1lYXR0cmlidXRlc2FsdGNhcHRpb25pbm5lckJsb2Nrc2FsdGNhcHRpb25jb250ZW50ZHJvcENhcGFsdGNhcHRpb25EYXMgRFJLIGJlc3RlaHQgYXVzIGRlbSBCdW5kZXN2ZXJiYW5kLMKgPHN0cm9uZz4xOSBMYW5kZXN2ZXJiw6RuZGVuLDwvc3Ryb25nPsKgZGVuIEtyZWlzdmVyYsOkbmRlbiB1bmQgT3J0c3ZlcmVpbmVuIHNvd2llIGRlbSBWZXJiYW5kIGRlciBTY2h3ZXN0ZXJuc2NoYWZ0ZW4gdm9tIERldXRzY2hlbiBSb3RlbiBLcmV1eiBlLiBWLiBtaXQgc2VpbmVuwqA8c3Ryb25nPjMzIERSSy1TY2h3ZXN0ZXJuc2NoYWZ0ZW4uPC9zdHJvbmc+wqBEZXIgQnVuZGVzdmVyYmFuZCBtaXQgU2l0eiBpbiBCZXJsaW4gaGF0IGRpZSBBdWZnYWJlLCBkaWUgWnVzYW1tZW5hcmJlaXQgc2VpbmVyIE1pdGdsaWVkc3ZlcmLDpG5kZSBkdXJjaCB6ZW50cmFsZSBNYcOfbmFobWVuIHVuZCBlaW5oZWl0bGljaGUgUmVnZWx1bmdlbiB6dSBmw7ZyZGVybi4gRXIgc29yZ3QgZsO8ciBkaWUgRWluaGFsdHVuZyBkZXIgUm90a3JldXpncnVuZHPDpHR6ZSB1bmQgc2V0enQgdmVyYmFuZHNwb2xpdGlzY2hlIFppZWxlLmNsYXNzTmFtZXN0eWxlYWx0Y2FwdGlvbkRpZSBWZXJiYW5kc29yZ2FuaXNhdGlvbiBpbSDDnGJlcmJsaWNrbGV2ZWxhbHRjYXB0aW9uRXMgbmltbXQgaW5zYmVzb25kZXJlIGRpZSBBdWZnYWJlbiB3YWhyLCBkaWUgc2ljaCBhdXMgZGVuIEdlbmZlciBBYmtvbW1lbiB2b24gMTk0OSB1bmQgaWhyZW4gWnVzYXR6cHJvdG9rb2xsZW4gZXJnZWJlbiwgc293aWUgZGllamVuaWdlbiwgZGllIGlobSBkdXJjaCBCdW5kZXMtIG9kZXIgTGFuZGVzZ2VzZXR6IHp1Z2V3aWVzZW4gc2luZC4gRGF6dSBnZWjDtnJlbiBkaWXCoDxzdHJvbmc+aHVtYW5pdMOkcmUgSGlsZmU8L3N0cm9uZz7CoGluIGJld2FmZm5ldGVuIEtvbmZsaWt0ZW4gdW5kIG5hY2ggTmF0dXJrYXRhc3Ryb3BoZW4gc293aWUgZGllwqA8c3Ryb25nPlZlcmJyZWl0dW5nIGRlcyBodW1hbml0w6RyZW4gVsO2bGtlcnJlY2h0czwvc3Ryb25nPi4gSW4gRGV1dHNjaGxhbmQga29vcmRpbmllcnQgZGFzIERSSyBpbiBadXNhbW1lbmFyYmVpdCBtaXQgZGVuIEJlaMO2cmRlbiBkZW7CoDxzdHJvbmc+S2F0YXN0cm9waGVuc2NodXR6wqA8L3N0cm9uZz5zb3dpZSBkZW4geml2aWxlbsKgPHN0cm9uZz5SZXR0dW5nc2RpZW5zdDwvc3Ryb25nPi4gWnUgc2VpbmVuIEF1ZmdhYmVuIGltIElubGFuZCBnZWjDtnJ0IGluc2Jlc29uZGVyZSBhdWNoIGRpZcKgPHN0cm9uZz5Xb2hsZmFocnRzLSB1bmQgU296aWFsYXJiZWl0PC9zdHJvbmc+LsKgZHJvcENhcGFsdGNhcHRpb248c3Ryb25nPkRhcyBEZXV0c2NoZSBSb3RlIEtyZXV6IGUuIFYuIGlzdCBkaWUgTmF0aW9uYWxlIEdlc2VsbHNjaGFmdCBkZXMgUm90ZW4gS3JldXplcyBhdWYgZGVtIEdlYmlldCBkZXIgQnVuZGVzcmVwdWJsaWsgRGV1dHNjaGxhbmQgdW5kIEJlc3RhbmR0ZWlsIGRlciBJbnRlcm5hdGlvbmFsZW4gUm90a3JldXotIHVuZCBSb3RoYWxibW9uZGJld2VndW5nLiBEYXMgRFJLIGJla2VubnQgc2ljaCB6dSBkZW4gUm90a3JldXpncnVuZHPDpHR6ZW4gTWVuc2NobGljaGtlaXQsIFVucGFydGVpbGljaGtlaXQsIE5ldXRyYWxpdMOkdCwgVW5hYmjDpG5naWdrZWl0LCBGcmVpd2lsbGlna2VpdCwgRWluaGVpdCB1bmTCoFVuaXZlcnNhbGl0w6R0LsKgPC9zdHJvbmc+aW1hZ2UgLS0+CjxmaWd1cmUgY2xhc3M9InctYmxvY2staW1nZSI+PGltZyBhbHQ9IiIvPjwvZmlndWU+CjwhLS0gL3dwOmltZSAtLT4KCjwhLS0gd3A6cGFncmFpZGxpbmt1cmxzaXplU2x1Z2xpbmtEZXN0aW5hdGlvbnsiaWQiOjEyMTYsInNpemVTbHVnIjoibCIsImxpbmtEZXN0aW5hdGlvbiI6Im5vbmUifSAgc2l6ZS1sc3JjPSJodHRwczovL2Ryay1qZXN0ZXR0ZW4uZGUvd3AtY29udGVudC91cGxvZHMvMjAyNi8wNC9jc21fQnVlaG5lbmJpZF9WZXJiYW5kc3NydWt0dXJfeGlsXzE1MERSS18wNjUtMV9iOWRkYTQ5NWU5LmpwZyIgYWx0IGNsYXNzPSJ3cC1pbWFnZS0xMjE2ImZ1bGZ1bGNsYXNzTmFtZXNjYWxlYXNwZWN0UmF0aW8sImNsYXNzTmFtZSI6ImlzLXN0eWxlLWRlZmF1bHQiIGlzLXN0eWxlLWRlZmF1bHRzdGF0ZXZlcnNpb25kb2N1bWVudGRhdGVkb2N1bWVudHN0YXR1c2RvY3VtZW50dGl0bGVkb2N1bWVudGNvbnRlbnRkb2N1bWVudGV4Y2VycHRkb2N1bWVudGF1dGhvcmRvY3VtZW50ZmVhdHVyZWRfbWVkaWFkb2N1bWVudGNvbW1lbnRfc3RhdHVzZG9jdW1lbnRwaW5nX3N0YXR1c2RvY3VtZW50dGVtcGxhdGVkb2N1bWVudG1ldGFmb290bm90ZXNkb2N1bWVudGJsb2Nrc2UgIGRvY3VtZW50c2x1Z3N0YXRlc2F2ZWRBdHN0YXRlc2F2ZWRCeURhcyBEdXRzY2hlUm90ZUtyZXV6Y2xpZW50SWRpc1ZhbGlkbmFtZWF0dHJpYnV0ZXNjb250ZW50ZHJvcENhcGlubmVyQmxvY2tzY2xpZW50SWRpc1ZhbGlkbmFtZWF0dHJpYnV0ZXNjb250ZW50ZHJvcENhcGlubmVyQmxvY2tzY2xpZW50SWRpc1ZhbGlkbmFtZWF0dHJpYnV0ZXNjb250ZW50bGV2ZWxpbm5lckJsb2Nrc2NsaWVudElkaXNWYWxpZG5hbWVhdHRyaWJ1dGVzY29udGVudGRyb3BDYXBpbm5lckJsb2Nrc2NsYXNzTmFtZXN0eWxlc3R5bGVjbGllbnRJZGlzVmFsaWRuYW1lYXR0cmlidXRlc2NvbnRlbnRkcm9wQ2FwaW5uZXJCbG9ja3NzdHlsZXN0eWxlPCEtLSB3cDpwYXJhZ3JhcGggeyJzdHlsZSI6eyJ0eXBvZ3JhcGh5Ijp7InRleHRBbGlnbiI6ImNlbnRlciJ9fX0gLS0+CjxwIGNsYXNzPSJoYXMtdGV4dC1hbGlnbi1jZW50ZXIiPjxzdHJvbmc+RGFzIERldXRzY2hlIFJvdGUgS3JldXogZS4gVi4gaXN0IGRpZSBOYXRpb25hbGUgR2VzZWxsc2NoYWZ0IGRlcyBSb3RlbiBLcmV1emVzIGF1ZiBkZW0gR2ViaWV0IGRlciBCdW5kZXNyZXB1YmxpayBEZXV0c2NobGFuZCB1bmQgQmVzdGFuZHRlaWwgZGVyIEludGVybmF0aW9uYWxlbiBSb3RrcmV1ei0gdW5kIFJvdGhhbGJtb25kYmV3ZWd1bmcuIERhcyBEUksgYmVrZW5udCBzaWNoIHp1IGRlbiBSb3RrcmV1emdydW5kc8OkdHplbiBNZW5zY2hsaWNoa2VpdCwgVW5wYXJ0ZWlsaWNoa2VpdCwgTmV1dHJhbGl0w6R0LCBVbmFiaMOkbmdpZ2tlaXQsIEZyZWl3aWxsaWdrZWl0LCBFaW5oZWl0IHVuZFVuaXZlcnNhbGl0w6R0Ljwvc3Ryb25nPjwvcD4KPCEtLSAvd3A6cGFyYWdyYXBoIC0tPgoKPCEtLSB3cDpwYXJhZ3JhcGggeyJzdHlsZSI6eyJ0eXBvZ3JhcGh5Ijp7InRleHRBbGlnbiI6ImNlbnRlciJ9fX0gLS0+CjxwIGNsYXNzPSJoYXMtdGV4dC1hbGlnbi1jZW50ZXIiPkVzIG5pbW10IGluc2Jlc29uZGVyZSBkaWUgQXVmZ2FiZW4gd2FociwgZGllIHNpY2ggYXVzIGRlbiBHZW5mZXIgQWJrb21tZW4gdm9uIDE5NDkgdW5kIGlocmVuIFp1c2F0enByb3Rva29sbGVuIGVyZ2ViZW4sIHNvd2llIGRpZWplbmlnZW4sIGRpZSBpaG0gZHVyY2ggQnVuZGVzLSBvZGVyIExhbmRlc2dlc2V0eiB6dWdld2llc2VuIHNpbmQuIERhenUgZ2Vow7ZyZW4gZGllPHN0cm9uZz5odW1hbml0w6RyZSBIaWxmZTwvc3Ryb25nPmluIGJld2FmZm5ldGVuIEtvbmZsaWt0ZW4gdW5kIG5hY2ggTmF0dXJrYXRhc3Ryb3BoZW4gc293aWUgZGllPHN0cm9uZz5WZXJicmVpdHVuZyBkZXMgaHVtYW5pdMOkcmVuIFbDtmxrZXJyZWNodHM8L3N0cm9uZz4uIEluIERldXRzY2hsYW5kIGtvb3JkaW5pZXJ0IGRhcyBEUksgaW4gWnVzYW1tZW5hcmJlaXQgbWl0IGRlbiBCZWjDtnJkZW4gZGVuPHN0cm9uZz5LYXRhc3Ryb3BoZW5zY2h1dHo8L3N0cm9uZz5zb3dpZSBkZW4geml2aWxlbjxzdHJvbmc+UmV0dHVuZ3NkaWVuc3Q8L3N0cm9uZz4uIFp1IHNlaW5lbiBBdWZnYWJlbiBpbSBJbmxhbmQgZ2Vow7ZydCBpbnNiZXNvbmRlcmUgYXVjaCBkaWU8c3Ryb25nPldvaGxmYWhydHMtIHVuZCBTb3ppYWxhcmJlaXQ8L3N0cm9uZz4uPC9wPgo8IS0tIC93cDpwYXJhZ3JhcGggLS0+Cgo8IS0tIHdwOmhlYWRpbmcgeyJzdHlsZSI6eyJ0eXBvZ3JhcGh5Ijp7InRleHRBbGlnbiI6ImNlbnRlciJ9fX0gLS0+CjxoMiBjbGFzcz0id3AtYmxvY2staGVhZGluZyBoYXMtdGV4dC1hbGlnbi1jZW50ZXIiPkRpZSBWZXJiYW5kc29yZ2FuaXNhdGlvbiBpbSDDnGJlcmJsaWNrPC9oMj4KPCEtLSAvd3A6aGVhZGluZyAtLT4KCjwhLS0gd3A6cGFyYWdyYXBoIHsiY2xhc3NOYW1lIjoiaXMtc3R5bGUtZGVmYXVsdCIsInN0eWxlIjp7InR5cG9ncmFwaHkiOnsidGV4dEFsaWduIjoiY2VudGVyIn19fSAtLT4KPHAgY2xhc3M9Imhhcy10ZXh0LWFsaWduLWNlbnRlciBpcy1zdHlsZS1kZWZhdWx0Ij5EYXMgRFJLIGJlc3RlaHQgYXVzIGRlbSBCdW5kZXN2ZXJiYW5kLDxzdHJvbmc+MTkgTGFuZGVzdmVyYsOkbmRlbiw8L3N0cm9uZz5kZW4gS3JlaXN2ZXJiw6RuZGVuIHVuZCBPcnRzdmVyZWluZW4gc293aWUgZGVtIFZlcmJhbmQgZGVyIFNjaHdlc3Rlcm5zY2hhZnRlbiB2b20gRGV1dHNjaGVuIFJvdGVuIEtyZXV6IGUuIFYuIG1pdCBzZWluZW48c3Ryb25nPjMzIERSSy1TY2h3ZXN0ZXJuc2NoYWZ0ZW4uPC9zdHJvbmc+RGVyIEJ1bmRlc3ZlcmJhbmQgbWl0IFNpdHogaW4gQmVybGluIGhhdCBkaWUgQXVmZ2FiZSwgZGllIFp1c2FtbWVuYXJiZWl0IHNlaW5lciBNaXRnbGllZHN2ZXJiw6RuZGUgZHVyY2ggemVudHJhbGUgTWHDn25haG1lbiB1bmQgZWluaGVpdGxpY2hlIFJlZ2VsdW5nZW4genUgZsO2cmRlcm4uIEVyIHNvcmd0IGbDvHIgZGllIEVpbmhhbHR1bmcgZGVyIFJvdGtyZXV6Z3J1bmRzw6R0emUgdW5kIHNldHp0IHZlcmJhbmRzcG9saXRpc2NoZSBaaWVsZS48L3A+CjwhLS0gL3dwOnBhcmFncmFwaCAtLT4KCjwhLS0gd3A6cGFyYWdyYXBoIC0tPgo8cD48L3A+CjwhLS0gL3dwOnBhcmFncmFwaCAtLT5zdGF0ZXZlcnNpb24FB0EMCAcECgMHCwNHAQMHqQcJBQMHJQUDB7oJBwMHrwUGFAkCB0EBAwgOEQMCBAMIDxcBGgIGAS0YCyIJFgIBAgEJBQsfEQUHCAQIBggFCAcIBwgGCA4IDggLSAEECQgGQQEIBAUHBQcFBgQFCAcECkcACwgHBApHAAsIBwQKBwULCAcECkcACwlFAAgHBApHAAtFAAhBAUIArgYOoAUhPoQCWgCaAS6SBiS3ASuKBQUHEQEAACIBAwAAAQcAAAEDACkBFkEAAEIHAQBBAABBAABBAABBAABBAAApQQMOQS9EAAlBBAJBCCFBBgMEQQm5BUECogpBAyVBA70HAQJBB0YMQQQDggEAfQF9AHh3JGRhNzE1MmMzLTZjMmItNDg1YS1hMzBmLWUyZDBmZjQ2ZGU2MHcOY29yZS9wYXJhZ3JhcGh5dyRmMzIyNTEwOC00OTFjLTRiNTctYTQzNC0yNmI4MDVkNWU0YTF3DmNvcmUvcGFyYWdyYXBoeXcQaXMtc3R5bGUtZGVmYXVsdHYBCnR5cG9ncmFwaHl2AQl0ZXh0QWxpZ253BmNlbnRlcnckNGI4YzgyYmEtYTNkOS00Zjg5LTg5NjEtMjViYzA5YjI5ZWU3dwxjb3JlL2hlYWRpbmd9AnYBCnR5cG9ncmFwaHl2AQl0ZXh0QWxpZ253BmNlbnRlcnckNzRmMDA1NmQtYzQ0Mi00MzIwLTlkYWYtNTQxMTMzYjRkNGQzdw5jb3JlL3BhcmFncmFwaHl2AQp0eXBvZ3JhcGh5dgEJdGV4dEFsaWdudwZjZW50ZXJ3JDA3MDVlOWZkLTc1ZWYtNDQ4Yy1hY2I0LWE4ODI0MDBjOGQ3NncKY29yZS9pbWFnZXcAdyQ2ZTliMjVkMy01NzQxLTRiMjktOTgwNy03OWVmOWI2NWY5OTR3DmNvcmUvcGFyYWdyYXBoeXYBCnR5cG9ncmFwaHl2AQl0ZXh0QWxpZ253BmNlbnRlcn2AE3csaHR0cHM6Ly9kcmstamVzdGV0dGVuLmRlLz9hdHRhY2htZW50X2lkPTEyMTZ3BG5vbmV3dGh0dHBzOi8vZHJrLWplc3RldHRlbi5kZS93cC1jb250ZW50L3VwbG9hZHMvMjAyNi8wNC9jc21fQnVlaG5lbmJpbGRfVmVyYmFuZHNzdHJ1a3R1cl94aWxfMTUwRFJLXzA2NS0xX2I5ZGRhNDk1ZTkuanBndwRmdWxsdxBpcy1zdHlsZS1kZWZhdWx0f390AH0BdwZjbG9zZWR3BmNsb3NlZHcAdwdwdWJsaXNodxMyMDI2LTA0LTEyVDA1OjMyOjE0dwx3ZXItd2lyLXNpbmR4eHh4eAYAfYATe0J52Aqqg4AAfaKY2eMHdwAD++nT6A4RAQAOEAEAAQABAQEDBAPvAwMqA9UIARkDIwNyCB8BCAMBATIBl9qdzAspAAIBIAMAAgADAAEAAQIBAwMBFQABAAEBAfkCAQABAAGjBQIAAQABJgIAAQAB\/gMBAwEAAQABAQEBvQMFDgXgAgUhBT4FhAEFGgUaBVoFLgWSAwUkBXcFKwWizOzxAwIAAAEA\",\"updateId\":293374359}","footnotes":""},"class_list":["post-1211","page","type-page","status-publish","has-post-thumbnail","hentry"],"_links":{"self":[{"href":"https:\/\/drk-jestetten.de\/index.php?rest_route=\/wp\/v2\/pages\/1211","targetHints":{"allow":["GET"]}}],"collection":[{"href":"https:\/\/drk-jestetten.de\/index.php?rest_route=\/wp\/v2\/pages"}],"about":[{"href":"https:\/\/drk-jestetten.de\/index.php?rest_route=\/wp\/v2\/types\/page"}],"author":[{"embeddable":true,"href":"https:\/\/drk-jestetten.de\/index.php?rest_route=\/wp\/v2\/users\/1"}],"replies":[{"embeddable":true,"href":"https:\/\/drk-jestetten.de\/index.php?rest_route=%2Fwp%2Fv2%2Fcomments&post=1211"}],"version-history":[{"count":6,"href":"https:\/\/drk-jestetten.de\/index.php?rest_route=\/wp\/v2\/pages\/1211\/revisions"}],"predecessor-version":[{"id":1221,"href":"https:\/\/drk-jestetten.de\/index.php?rest_route=\/wp\/v2\/pages\/1211\/revisions\/1221"}],"wp:featuredmedia":[{"embeddable":true,"href":"https:\/\/drk-jestetten.de\/index.php?rest_route=\/wp\/v2\/media\/1216"}],"wp:attachment":[{"href":"https:\/\/drk-jestetten.de\/index.php?rest_route=%2Fwp%2Fv2%2Fmedia&parent=1211"}],"curies":[{"name":"wp","href":"https:\/\/api.w.org\/{rel}","templated":true}]}}